-6*q - 23. What is the remainder when 17 is divided by w(x)?
3
Suppose 3*v = 3*s + s + 8, -4*v + 4*s = -12. Suppose p + 21 = 5*p + n, 5*p = -5*n + 30. Suppose 2*j = p + 11. What is the remainder when j is divided by v?
0
Suppose 2*v - 5*u - 45 = -v, -2*v + 3*u = -31. What is the remainder when 92 is divided by 4*(3 - (-1)/(4/v))?
28
Suppose -13*x + 1808 = 1366. What is the remainder when 84 is divided by x?
16
Let w = 203 + -162. Calculate the remainder when 78 is divided by w.
37
Let q = -74 - 10. Let g = -33 - q. What is the remainder when g is divided by 13?
12
Suppose 5*d + 3*z + 0*z - 350 = 0, 0 = -3*d - 4*z + 210. Suppose 9*t + 7 = d. What is the remainder when 11 is divided by t?
4
Let t(q) = -q**2 + 17*q + 13. What is the remainder when t(11) is divided by 8?
7
Suppose 4*c + 4*n = -44 + 116, 5*n = 5. What is the remainder when 269 is divided by c?
14
Suppose 2*w = t - 1 - 10, -5*t - 3*w + 16 = 0. Let j(f) = 4*f + 40. Let r be j(8). Let d = r - 53. Calculate the remainder when d is divided by t.
4
Suppose -124 = x - 129. Suppose 18 = p - 33. Suppose 3*j - p = -0*j. What is the remainder when j is divided by x?
2
Let h = 15 + -14. Let x(z) = -z. Let u(g) = 2*g**2 - 9*g + 5. Let m(k) = h*u(k) - 3*x(k). What is the remainder when 49 is divided by m(4)?
10
Let o = -3094 - -3113. Suppose 0 = -3*x + 2*y + 158, 2*x - 5*y = x + 44. What is the remainder when x is divided by o?
16
Suppose 5*d - 5*c = 60, -4*c = -d - 0*d + 18. Let r be d/25 + 16/10. Suppose r*k = 8, -x + 40 = x - k. Calculate the remainder when x is divided by 12.
10
Let i(s) = -7*s**2 + 1. Let x be i(2). Let b be x*(3 - (-13)/(-3)). Suppose 5*a - 81 = -b. What is the remainder when 34 is divided by a?
7
Let z = -454 - -520. What is the remainder when z is divided by 20?
6
Let r(h) = h**2 + 9*h - 25. Let o be r(-6). Let p = o - -103. Calculate the remainder when p is divided by 22.
16
Let y = 29 - 29. Suppose y = k - 3 - 8. What is the remainder when 41 is divided by k?
8
Let r = 49 - 54. What is the remainder when r - -4 - (2 - 31) is divided by 8?
4
Suppose 4*g - 14 = -3*f, 0*f - f - 4 = -3*g. Suppose -s - g*x = -19 - 0, 3*s - 53 = -5*x. What is the remainder when 28 is divided by s?
6
Let m = 377 - 246. Calculate the remainder when m is divided by 27.
23
Calculate the remainder when 24 is divided by (12 - -7 - 6) + 1.
10
Suppose 2*z = -3*u - 70, -2*z - 38 = -4*u - 108. Calculate the remainder when (-10)/(-4)*u/(-2) is divided by 110/(121/11) - -3.
12
Let h = 63 - 36. Suppose 2*x + g = 5*x - 11, -3*x + h = 3*g. Suppose -k - 3*k + f = -37, 5*k - 5*f = 50. Calculate the remainder when k is divided by x.
4
Let n be -2*(-3)/4*6. Suppose -n*k + 4*k + 2 = -s, -105 = -5*s + 2*k. Let u = -4 - -17. What is the remainder when s is divided by u?
10
Suppose -20*y = -5*y - 525. What is the remainder when y is divided by 6?
5
Let m = -1105 + 1158. Calculate the remainder when 104 is divided by m.
51
Suppose -154*i = -153*i - 2*t - 54, 161 = 3*i - 5*t. Calculate the remainder when 409 is divided by i.
45
Suppose -11*l + 2066 = -1157. Calculate the remainder when l is divided by 49.
48
Let l = -1179 + 1286. What is the remainder when 414 is divided by l?
93
Suppose 5*h = 4*l - 64, -l + 2*h = -3*h - 16. What is the remainder when 31 is divided by l?
15
What is the remainder when 319 is divided by (-16 - (1 - 16))/((-1)/18)?
13
Let j = 7 + 3. Let v(y) = -y**3 - 3*y**2 - y + 2. Let c be v(-2). Suppose c*o + 3*o = 84. What is the remainder when o is divided by j?
8
Let g(v) = 6*v**2 - 23*v + 13. Calculate the remainder when g(6) is divided by 51.
40
Suppose 0 = -n + o - 1, 19 - 9 = 2*n + o. Calculate the remainder when 8 is divided by n.
2
Let z(r) be the second derivative of 47*r**4/12 + r**3/6 + r**2 - 18*r. Calculate the remainder when z(1) is divided by 4.
2
Let h(l) = 14*l**2 + 3*l - 8. Let q(g) = g**2 + g - 1. Let m(w) = h(w) - 6*q(w). Calculate the remainder when m(-2) is divided by 10.
6
Suppose 20*y = 1013 + 707. What is the remainder when 274 is divided by y?
16
Let n(c) = c - 4. Let t be n(12). Let h be 1 + 3 + t + 41. Suppose h - 13 = 5*q. What is the remainder when 23 is divided by q?
7
Suppose 18 = 2*n + 4*l + 2, -2*n + 26 = 2*l. Suppose w = -5*u + n, 0*w + 2*w - 28 = -2*u. Suppose -25 = -g + 24. What is the remainder when g is divided by w?
10
Let r = 32 - 59. Suppose 3*f + 6*b - 8*b - 164 = 0, -5*f + 268 = -2*b. Calculate the remainder when f is divided by (-4)/((-8)/r)*-2.
25
Let v(c) = -11*c**3 + 7*c**2 + 14*c + 1. Calculate the remainder when v(-3) is divided by 40.
39
Let q(s) = s**2 + 13*s - 26. What is the remainder when q(-18) is divided by 22?
20
Let h(n) = -6*n - 24. Let a be h(-18). Suppose v = -v + a. Calculate the remainder when 125 is divided by v.
41
Suppose -3*a = 0, 19 = 5*t - 3*a - 6. Suppose t*m - 15 = 45. Calculate the remainder when ((-147)/35)/((-2)/10) is divided by m.
9
Suppose 0 = -0*t + 5*t - 4*w - 88, -106 = -5*t - 2*w. Suppose 2*u - 2*b = 2*b + 26, 4*b + t = 0. Calculate the remainder when 9 is divided by u.
0
Let k(p) = -p**2 - 29*p + 187. What is the remainder when 336 is divided by k(-34)?
13
Suppose p - 4*p = 4*g - 44, -p = 5*g - 66. Calculate the remainder when -2*(-5)/20*(302 + 0) is divided by g.
11
Calculate the remainder when 30/12*(12 + 0) is divided by 20.
10
What is the remainder when ((-3)/2)/((-36)/1896) is divided by 10?
9
Let f(w) = 4*w - 49. Suppose 0 = -3*p + 12, 0 = -4*b + 2*b - 4*p + 72. What is the remainder when f(26) is divided by b?
27
Let h = -578 + 662. Calculate the remainder when 586 is divided by h.
82
Let w be 2/8 + 6678/(-56) + 2. Let u = -105 - w. What is the remainder when 21 is divided by u?
9
Suppose -4*b + 4*l = -6*b + 40, 3*l = -b + 24. What is the remainder when 6 + (-75)/b + (-298)/(-8) is divided by 8?
5
Suppose -119 = -3*r + 5*g, 3*g + g = 5*r - 181. Let a = 9 + -11. What is the remainder when r is divided by a/(2*3/(-27))?
6
Let x = 83 + -66. Calculate the remainder when 43 is divided by x.
9
Let h be (-2)/(-2) - 12/(-6). Let g(f) = 3*f - h*f + 9 + 4*f - 3*f. What is the remainder when 7 is divided by g(-5)?
3
Suppose 8*k - 61 = 123. What is the remainder when 479 is divided by k?
19
Suppose -3*z - 103 = 4*w, -5*w = 4*z - 4*w + 146. Let c = 44 + z. What is the remainder when 9 is divided by c?
2
Let k(i) = 2*i**2 - 4*i + 1. Let s be k(-4). Let w = s + 62. Calculate the remainder when w is divided by 19.
16
Let d be -5*((-9)/(-3))/(-3). Suppose 372 = 5*q - 4*r, d*q + 5*r - 456 = -111. Calculate the remainder when q is divided by 38.
34
Suppose 0 = -10*t + 975 - 265. What is the remainder when t is divided by 24?
23
Let i be (-4)/(0 - -1)*52. Let p = -120 - i. Suppose -p + 28 = -5*b. Calculate the remainder when 34 is divided by b.
10
Suppose -3*k + 4*k - 16 = 3*i, 0 = -3*k + i + 24. What is the remainder when 291 is divided by k?
4
Let c(m) = m**2 - 2*m + 41. What is the remainder when c(10) is divided by 63?
58
Suppose -3*l - 8*l = -187. Calculate the remainder when 116 is divided by l.
14
Let b be (2/(-4))/(-2 + 38/20). Suppose -3*q + 59 = -b*o, o = -8*q + 7*q + 25. What is the remainder when 114 is divided by q?
22
Suppose 24*b - 21*b - 21 = -5*v, -b + 2*v + 18 = 0. What is the remainder when 611 is divided by b?
11
Let w(n) = n**2 - 3. Calculate the remainder when 65 is divided by w(3).
5
Let d = -53 + 57. Suppose 0 = -0*g - 3*g + 189. Suppose -56 = -4*h + d*n, -3*h - 2*n - 2*n = -g. Calculate the remainder when 48 is divided by h.
14
Let g(y) = 4*y + 2. Let p(x) = -2*x + 1. Let b be p(1). Let h = b + 4. What is the remainder when 40 is divided by g(h)?
12
Suppose 5*v = 4*n - 1, 0 = -2*n - 2*v - 9 - 13. Let c be -4*(-1)/4 - 4. Calculate the remainder when 22 - 1 - n/c is divided by 7.
5
Suppose 2 = 2*v + 4*c, 4*c + 9 = -11. Suppose -j = 2*j. Let x = j - -7. What is the remainder when v is divided by x?
4
What is the remainder when 1309/85 + ((-52)/(-20) - 4) is divided by 9?
5
Let i = -1056 + 1072. What is the remainder when 1598 is divided by i?
14
Let r = -1670 + 1703. What is the remainder when 691 is divided by r?
31
Let a(o) = -40*o + 275. What is the remainder when a(-4) is divided by 111?
102
Let q(x) = 99*x + 69. Calculate the remainder when q(14) is divided by 9.
6
Suppose 11*p - 6*p + 2*l - 103 =